
Let q(z) = -z**3 - 90*z**2 - 1355*z - 5268. Give q(-11).
78
Let u(g) = 13*g**3 + 808*g**2 - 2588*g + 146. Determine u(3).
5
Let m(d) = 2*d**3 - 67*d**2 - 2682*d + 159. What is m(57)?
-12
Let h(b) = 17088*b + 86018. Determine h(-5).
578
Let v(s) = -2047*s - 26653. What is v(-13)?
-42
Let o(d) = -694*d + 4995. What is o(9)?
-1251
Let z(v) = -72*v**2 + 21641*v - 12294. Calculate z(300).
6
Let k(a) = -30*a**3 - 357*a**2 + 34*a - 12. What is k(-12)?
12
Let g(t) = -t**2 + 23*t + 29018. Calculate g(193).
-3792
Let a(m) = -3*m**2 - 37*m + 343. Calculate a(-13).
317
Let j(u) = 1740*u + 107761. Calculate j(-62).
-119
Let j(y) = -y**3 + 732*y**2 - 36587*y - 1344. Give j(54).
6
Let x(q) = q**2 - 2226*q + 24377. Calculate x(11).
12
Let a(w) = 82*w**3 + 4*w**2 + 32*w - 87. Give a(3).
2259
Let y(r) = -2*r**2 - 675*r + 6943. Calculate y(10).
-7
Let u(x) = -24*x**2 + 5798*x - 44844. What is u(8)?
4
Let h(s) = s**2 - 1895*s + 99441. What is h(54)?
27
Let d(a) = -67*a**2 - 1041*a + 3116. Determine d(3).
-610
Let l(r) = 7359*r - 294353. Determine l(40).
7
Let s(v) = 15*v**3 - 118*v**2 - 41*v + 41. Give s(8).
-159
Let r(l) = -l**3 + 165*l**2 - 4157*l + 53. Determine r(31).
-40
Let n(a) = a**2 + 2022*a + 18143. Calculate n(-9).
26
Let p(z) = 1271*z + 5827. Calculate p(-3).
2014
Let c(j) = -140*j**2 + 2204*j - 8669. Give c(8).
3
Let s(t) = -13580*t - 54236. What is s(-4)?
84
Let t(b) = 185*b + 19312. Calculate t(-110).
-1038
Let u(d) = -3014*d - 72331. Give u(-24).
5
Let i(m) = -2*m**2 + 14937*m + 284323. Determine i(-19).
-202
Let l(a) = 2*a**2 + 5*a - 616. What is l(16)?
-24
Let k(l) = -l**2 - 2095*l - 22908. Give k(-11).
16
Let o(k) = 65978*k - 1319558. Calculate o(20).
2
Let a(l) = 7*l + 722. Calculate a(-99).
29
Let n(y) = 4*y**2 + 3847*y + 33358. Give n(-953).
3
Let n(j) = -2*j**3 + 11*j**2 + 2*j + 182. Give n(10).
-698
Let l(g) = 4913*g - 9797. Determine l(2).
29
Let s(z) = 908*z + 7883. Give s(-9).
-289
Let l(f) = -f**3 - 64*f**2 - 39*f + 1401. Determine l(-63).
-111
Let r(i) = 210*i - 2889. Give r(12).
-369
Let z(q) = q**2 + 32*q - 990. Determine z(-51).
-21
Let a(n) = 3*n**2 - 676*n - 2671. Calculate a(229).
-152
Let t(d) = d**3 + 358*d**2 + 27*d + 9275. Calculate t(-358).
-391
Let v(s) = -14*s**2 + 207. Give v(-6).
-297
Let k(r) = 2*r**3 - 42*r**2 - 77*r + 1683. Calculate k(21).
66
Let x(i) = i**3 + 88*i**2 - 816*i - 78567. What is x(-87)?
-6
Let a(w) = 19*w**2 + 187*w - 73. Determine a(-11).
169
Let f(w) = -928*w + 36094. Give f(39).
-98
Let k(l) = -1944*l + 44743. Give k(23).
31
Let l(p) = p**2 - 40*p + 203. What is l(9)?
-76
Let h(r) = 178*r - 1887. Give h(21).
1851
Let n(k) = 88723*k + 1330815. Determine n(-15).
-30
Let r(g) = 15*g**2 - 24928*g - 175230. What is r(-7)?
1
Let r(a) = -6*a**3 + 1258*a**2 + 1688*a + 248. What is r(211)?
248
Let i(c) = 2*c**3 + 545*c**2 - 1397*c - 6071. Give i(-275).
-21
Let a(f) = -16*f**2 - 3897*f - 32149. Determine a(-235).
46
Let s(r) = -r**2 + 35*r + 435. What is s(37)?
361
Let t(h) = -h**2 + 157375*h + 1101657. What is t(-7)?
-17
Let p(a) = 20*a**3 + 728*a**2 + 277*a - 330. Give p(-36).
66
Let o(t) = 422*t - 4844. Determine o(11).
-202
Let f(b) = b**3 - 11*b**2 - 80429*b + 1. What is f(0)?
1
Let b(i) = -i**2 + 494*i + 15868. Give b(-31).
-407
Let g(m) = 294*m**2 + 161*m - 3130. Determine g(3).
-1
Let d(l) = -34*l**2 + 1166*l - 1165. Determine d(1).
-33
Let k(i) = 2*i**2 + 709*i + 4308. What is k(-6)?
126
Let w(n) = -n**3 + 86*n**2 + 54*n + 10625. What is w(88)?
-111
Let d(v) = -v**2 - 145*v + 110. Calculate d(-156).
-1606
Let r(v) = 25*v**2 - 3633*v + 654. Determine r(145).
-506
Let l(z) = -z**3 - 39*z**2 - 105*z + 721. What is l(-37)?
1868
Let b(s) = -s**3 + 205*s**2 + 1283*s - 2963. What is b(211)?
624
Let j(v) = -40*v**2 - 1288*v - 61. Give j(-32).
195
Let g(f) = -51*f**2 + 182*f + 364. Calculate g(-2).
-204
Let k(b) = 3*b**2 - 308*b + 1311. Determine k(99).
222
Let a(d) = d**2 + 71*d - 4944. Determine a(44).
116
Let u(n) = -3*n**3 + 48*n**2 - 48*n + 358. Determine u(15).
313
Let f(x) = 844*x**2 + 147*x + 148. Give f(-1).
845
Let s(q) = -582*q - 253327. Determine s(-435).
-157
Let a(w) = 2*w**2 - 740*w + 10111. Give a(14).
143
Let h(c) = c**2 - 2307*c - 7672405. What is h(-1847)?
33
Let q(b) = -b**3 - 363*b**2 - 11774*b - 648. What is q(-327)?
6
Let r(n) = 28756*n**2 - 143791*n + 56. Give r(5).
1
Let c(w) = 399*w + 167559. What is c(-420)?
-21
Let h(j) = 267*j - 1187. Determine h(4).
-119
Let g(l) = -20584*l - 29764477. Determine g(-1446).
-13
Let v(o) = -391*o + 37469. Calculate v(96).
-67
Let i(p) = -p**2 + 3787*p + 187961. What is i(-49)?
-3
Let u(i) = -183812*i + 2940985. What is u(16)?
-7
Let i(l) = -9*l**3 + 2111*l**2 + 41997*l + 246. Determine i(253).
-7
Let o(y) = -237*y - 111162. Determine o(-469).
-9
Let i(w) = 4*w**3 + 42*w**2 - 162*w - 1600. Give i(-6).
20
Let n(k) = -2*k**3 - 34*k**2 + 1243*k + 22453. What is n(-20)?
-7
Let t(k) = -6*k**3 - 27*k**2 - 5*k + 48. Give t(-9).
2280
Let v(o) = 147*o**2 - 434*o + 2753. Give v(7).
6918
Let w(c) = 4*c**2 + 205*c - 3993. Give w(22).
2453
Let q(u) = 2*u**2 - 236*u + 3077. Give q(101).
-357
Let u(c) = -2*c**2 + 31*c + 11648. Give u(-69).
-13
Let m(s) = -9914*s - 309387. What is m(-31)?
-2053
Let d(k) = 3*k**2 + 418*k + 9986. Determine d(-31).
-89
Let w(x) = 209*x + 11459. Determine w(-54).
173
Let o(z) = 72598*z - 8276177. What is o(114)?
-5
Let c(r) = 8*r**2 - 431*r - 882. Calculate c(-2).
12
Let i(v) = -v**2 - 78*v - 178. Give i(-90).
-1258
Let k(p) = 270*p + 16078. What is k(-64)?
-1202
Let f(g) = -g**3 - 1218*g**2 + 6112*g + 6. Give f(5).
-9
Let a(c) = -2202*c + 61637. Calculate a(28).
-19
Let z(g) = 6*g**3 - 36*g**2 - 12*g + 315. Determine z(-3).
-135
Let o(x) = x**3 - 394*x**2 - 428*x - 144195. Determine o(396).
-51
Let t(y) = 7729*y - 55062. Determine t(7).
-959
Let w(v) = 5932*v + 1874512. What is w(-316)?
0
Let b(x) = -x**3 - 34*x**2 + 164*x + 4379. Calculate b(-37).
2418
Let t(r) = 277*r + 210802. Calculate t(-761).
5
Let n(c) = c**3 + 63*c**2 - 803*c - 788. Give n(-74).
-1602
Let q(k) = 4738*k**2 + 4742*k + 11. What is q(-1)?
7
Let v(f) = 6*f**3 + 64*f**2 - 610*f - 924. Determine v(7).
0
Let q(x) = -384*x - 10251. Determine q(-24).
-1035
Let y(b) = -544*b + 467291. Calculate y(859).
-5
Let w(l) = -27*l**2 - 49*l - 634. Calculate w(-10).
-2844
Let a(m) = -2*m**2 - 280*m - 1867. Calculate a(-125).
1883
Let x(w) = -1942*w - 170882. Calculate x(-88).
14
Let j(o) = -1735*o - 562. Determine j(-1).
1173
Let j(n) = -25*n**2 - 4696*n + 14087. What is j(3)?
-226
Let g(l) = -32792*l - 426276. Calculate g(-13).
20
Let p(j) = 294842*j + 3243266. What is p(-11)?
4
Let z(h) = 2*h**3 + 9*h**2 - 1563*h - 7861. Calculate z(-5).
-71
Let t(c) = 5*c**3 - 167*c**2 - 121*c + 45. Calculate t(-1).
-6
Let w(l) = 372*l + 5983. Determine w(-15).
403
Let g(l) = l**3 + 117*l**2 + 1647*l + 177591. What is g(-116)?
-5
Let d(k) = k**2 + 993*k - 147246. Determine d(131).
-2
Let p(q) = -217*q + 14429. Determine p(67).
-110
Let h(j) = -j**3 + j**2 - 3104*j + 43704. Calculate h(14).
-2300
Let q(s) = -3*s**3 - 49*s**2 - 14*s + 25. What is q(-16)?
-7
Let d(h) = -2*h**3 - 47*h**2 - 40*h + 1047. Determine d(-22).
475
Let r(q) = -45*q**2 - 1350*q - 7410. Calculate r(-23).
-165
Let v(l) = -l**2 - 4785*l + 2435535. Determine v(464).
-1
Let m(d) = -d**2 - 97*d + 10. Determine m(-59).
2252
Let j(a) = -472*a + 4383. Determine j(9).
135
Let s(b) = 253*b + 25853. Give s(-101).
300
Let o(l) = -l**2 + 15838*l - 79155. Calculate o(5).
10
Let h(x) = -19*x**2 + 1043*x + 4569. Give h(59).
-33
Let y(l) = 5*l - 1184. What is y(18)?
-1094
Let o(n) = n**3 + 24*n**2 - 215*n - 5827. Determine o(-18).
-13
Let c(n) = -11*n**2 + 3339*n - 44578. Calculate c(14).
12
Let o(p) = 191*p + 3044. What is o(-12)?
752
Let l(r) = -21*r**3 + 10*r**2 + 19*r + 59. Give l(-4).
1487
Let d(t) = -2*t**3 - 147*t**2 - 1262*t + 37. Determine d(-64).
2981
Let k(h) = h**3 - 35*h**2 - 735*h + 187. What is k(-14)?
873
Let g(i) = 3213*i + 469088. Calculate g(-146).
-10
Let s(h) = -h**2 - 13317*h + 53289. Determine s(4).
5
Let b(r) = 1999*r**2 - 3*r + 19. Calculate b(0).
19
Let c(h) = -18*h**3 - 262*h**2 + 6*h + 43. Give c(-15).
1753
Let g(i) = 2*i**3 - 31*i**2 - 573*i + 8811. Give g(15).
-9
Let y(g) = 21*g**2 + 79*g - 198. Calculate y